w be 5/(3*(-3)/423). Let d = w + 1119. Suppose 3883 = 5*y + 3*k, -2*y = -k - d - 678. Is y a prime number?
False
Let j = -3143 + 14170. Is j a prime number?
True
Suppose 3*m - 3255 = -3*p, 3*p - 5*m - 1818 = 1461. Let i = -2158 + p. Let f = i - -1999. Is f prime?
True
Suppose 0*p + 3*q = -p + 1349, 4*p - 4*q - 5348 = 0. Let f = -4914 - -8191. Let d = f - p. Is d a prime number?
False
Let t be (0 + 1)/(-3*1/(-6)). Suppose h - t*h - 1 = -3*u, -h + 20 = 4*u. Suppose 9179 + 17357 = h*m. Is m composite?
True
Let o(m) = -m**3 - 10*m**2 + 13*m + 20. Let j be o(-11). Let w be (25/(-4))/(j/272). Suppose b - w = -9*b. Is b a composite number?
True
Let t(u) be the second derivative of -u**4/12 + u**3/3 + 127*u**2/2 + 44*u. Let b be (0 - 0)/(-1 + -1). Is t(b) composite?
False
Let m(k) = 279*k**2 - 28*k - 1163. Is m(-28) prime?
True
Let n(x) = -3*x**3 + 8*x**2 + 2*x - 16. Let g be n(6). Let r = 82 + g. Let o = 463 - r. Is o a composite number?
True
Let t(n) = 175*n**2 - 194*n + 1817. Is t(10) a composite number?
False
Let i(m) = -m**2 - m + 1. Suppose -7*s + 9*s = -2. Let h(n) = -38*n**3 + 2*n**2 - 4*n + 11. Let o(u) = s*h(u) - 2*i(u). Is o(4) composite?
True
Let p(s) = s**3 + 16*s**2 - 14*s - 25. Let q be p(-11). Let g be (6 + -3)/(2/q). Let o = g + -622. Is o a prime number?
True
Suppose 4*a - 6*v - 3384 = -4*v, a - 851 = -2*v. Let p = 1766 - a. Is p composite?
False
Let v be 2/8 - (-77)/28. Suppose 0 = 2*r - v*f - 264, r + f = 5*f + 122. Suppose r - 1345 = -i. Is i a prime number?
False
Let b = 222810 + -129764. Is b prime?
False
Let w be (-6)/((4/38716)/((-7)/14)). Let k = -7318 + w. Is k a prime number?
False
Let m = 46100 - 26045. Suppose -5*b = 25, 5*k = -2*b + 4*b + m. Is k composite?
True
Let n(r) = -r**2 + r - 1. Let y be (11 - 12)/(1/(-5)). Let d(j) = -7*j**2 + 17*j - 6. Let v(i) = y*n(i) - d(i). Is v(8) a prime number?
False
Let h be 4/(-22) + 40526/11. Suppose 0 = 14*q - 2*q - h. Is q composite?
False
Let c be -19 + 5 - (-2 - -2). Let l(z) = 11 - 4*z**2 - 30*z - z**3 + 3*z**2 - 29*z + 63*z. Is l(c) composite?
False
Suppose 14*o - 38 - 32 = 0. Suppose 4*h + 2 = -5*w + 8, 0 = -2*h - 4*w. Suppose 3*m = o*v - 21910, -5*m = h*v + 643 - 18208. Is v a composite number?
True
Let f be (-48)/(-21)*(-7)/(-2). Suppose -3*y + 2*u + 3 - f = 0, 0 = -5*y - 3*u - 21. Is (-1 + 3/y)*(-3518)/4 prime?
True
Let o = -2415 - -36616. Is o a composite number?
True
Let b(a) = a**3 - 11*a**2 + a - 12. Let u be b(11). Let w be 4/(0 + u) - -283. Let h = 803 + w. Is h prime?
False
Let p(k) = -34*k**3 + k - 2. Let f be p(1). Let d = f - -50. Is (824/(-32))/((d/12)/(-5)) composite?
False
Let s = -42 + 41. Let z be (3 - s) + 3006/(-6). Let n = -162 - z. Is n composite?
True
Is (3/2)/(621/28469538) a prime number?
True
Let o(r) = 12833*r**2 + 28*r + 152. Is o(-5) composite?
True
Let d(n) be the first derivative of 46*n**3 - 11*n**2/2 + 9*n + 12. Let k(l) = -277*l**2 + 23*l - 19. Let i(h) = 13*d(h) + 6*k(h). Is i(2) composite?
False
Suppose -12*s + 8119303 = 3*s - 3675812. Is s composite?
True
Let u(b) = -312*b**2 - 2*b + 5. Let m be u(2). Let n = m + 2334. Is n composite?
False
Suppose 0 = -16*n + 43585 + 30703. Is n a prime number?
True
Let t = -4824 + 7247. Is t prime?
True
Let s(v) = -13*v + 69. Let j be s(5). Suppose 0 = j*d + 2*h - 27906, -8*h + 10*h = 2*d - 13956. Is d prime?
True
Suppose -7*n = 35830 - 2716361. Is n a composite number?
False
Let m = 6889 + -1610. Suppose -14*h - 1205 + m = 0. Is h a composite number?
True
Suppose 18 = 9*q - 3*q. Suppose 36 = j + q*j. Suppose j*l = 11120 + 913. Is l a prime number?
False
Is ((-1148420)/(-1274))/((-2)/(-7)) a prime number?
False
Let q(x) = -x**3 - 2*x**2 + 8*x + 4. Let u be q(-4). Suppose 807 = u*n - n. Suppose t - 88 = -4*a + 187, t = 2*a + n. Is t a composite number?
False
Is -1 + (58 + -13)*(-1 + 4657/5) composite?
True
Suppose 747668 - 9281 = 38*m - 61855. Is m composite?
False
Let w = 95109 + -20336. Is w a prime number?
False
Let u(y) = 4851*y + 2. Let n(v) be the first derivative of v**3/3 + 2*v**2 - 4*v - 46. Let p be n(-5). Is u(p) a composite number?
True
Let r(d) be the first derivative of -d**4/4 + 9*d**3 + 4*d**2 - 27*d + 16. Is r(24) a composite number?
True
Suppose -14038 = -4*y - 2*g, 3*y + 0*y - 10528 = -2*g. Let v be (102/4)/((-2)/(-4)). Suppose 5*t = -5*z + y, 2*t - 1348 = -3*z + v. Is t a prime number?
False
Let f be 4/(-4) + 0 + 645. Is f + (8/(-2) - (1 + -2)) a prime number?
True
Let b = -140 + 268. Let c = 3261 + b. Is c composite?
False
Suppose -9 = 2*y + 7. Let k be ((-144)/56)/(-9)*7. Is (2068/(-16))/(k/y) composite?
True
Suppose -84 = -5*k - 2*o, k + 8 = 2*k - 4*o. Let v = 18 - k. Suppose 0 = v*z - 834 - 1514. Is z a composite number?
True
Let d(c) = c**3 + 3*c + 631. Let g be (-6)/(-10) - (-27)/(-45). Is d(g) a prime number?
True
Let o(f) = f**2 - 2*f + 545. Let g be (3/(-3))/2*36. Let k = g + 18. Is o(k) a prime number?
False
Let t(z) = 2*z**3 - 6*z**2 - 4*z - 3. Suppose 2*h + 8 - 38 = 5*y, 3*y - 4*h = -4. Let l = y - -13. Is t(l) prime?
False
Suppose 186*v - 44625323 = 30*v + 25429129. Is v prime?
False
Let v = 58606 + -12557. Is v a composite number?
False
Suppose 209*j - 560*j = -61804431. Is j a prime number?
True
Let g = 450 + -454. Is (-4 + g + 5)*(-12094)/6 a composite number?
False
Let x = -266948 + 591741. Is x prime?
False
Suppose -20 = -47*y + 37*y. Suppose 2*d - 2*p - 6165 = -d, y*d = -p + 4103. Is d prime?
True
Suppose 1696 - 8752 = -2*a + 4*j, -3*a + 5*j = -10583. Suppose -3*l = -0*o + 4*o - 7024, -2*o = -2*l - a. Is o composite?
False
Let y(o) = 21133*o - 2959. Is y(2) a composite number?
True
Let d be 2/7 - -2*(-152)/(-112). Let f be 841 - ((d - -1 - 3) + 3). Suppose p = -3*z - z + 813, 0 = -p + 2*z + f. Is p a prime number?
True
Let z be 45269/21 - (-1)/3. Let v = z - 3746. Let k = -1063 - v. Is k a prime number?
False
Suppose -11*d + 33*d - 2662730 = -13*d. Is d prime?
False
Let z(n) = 2*n - 42*n - 4 + 34 + 3*n**2 - 7 + 8*n**2. Is z(24) composite?
False
Suppose -4*t + 485 = n, n + 5*t - 488 = -0*t. Suppose 4*o + p - n = 0, -2*o + p + 4*p = -209. Suppose -2*x + o = -17. Is x prime?
True
Let t = 130169 + 90614. Is t composite?
False
Suppose -5*c + 7*c + k = -4599, 3*c + 3*k + 6894 = 0. Let o = 5116 + c. Is o a composite number?
True
Let i(x) = -x**3 + 14*x**2 + 31*x - 211. Is i(-19) a prime number?
True
Let h = -54 - -55. Let v(t) = -t + 5. Let a be v(h). Suppose -a*l - 4*i = -2252, 0 = -3*l + i + 1523 + 174. Is l a prime number?
False
Let d(z) = -2*z**3 - 17*z**2 - 35*z - 5. Let y be d(-5). Is 9869 - (-1 - (5 - (y + 9))) a prime number?
True
Suppose -2*a - 5*j = -4*a + 12113, -3*a + 4*j = -18159. Is a prime?
False
Suppose 4*n + 11047 = 3*d, -n + 4*n = -2*d - 8298. Let t = -1058 - n. Is t a prime number?
False
Let s(i) = 49630*i**2 - 281*i - 1729. Is s(-6) a prime number?
True
Is 22794/(-116)*3/(3*3/(-6)) a prime number?
False
Let b(u) = u**3 + 2*u**2 - 7*u - 18. Let l be b(-2). Let k(f) = 1025*f**2 - 4*f - 3. Is k(l) prime?
False
Is (1/(-7))/(86/(-120576386)) prime?
True
Suppose 39375 = 18*y - 27*y. Suppose 2*a - 2612 = 2*v, 0 = a + 2*a - 2*v - 3914. Let h = a - y. Is h a prime number?
False
Let t(q) = q**2 + 10*q - 1. Let f be t(-9). Let g be 24/(-30)*f/4. Suppose g*i + 121 = u, 0 = -3*i - 5 - 7. Is u a prime number?
True
Suppose 2*z = -4*w + 1330958, -16*w - 3*z - 1663736 = -21*w. Is w a prime number?
True
Suppose 1250537 = 19*v - 4325564. Is v a composite number?
True
Let f = 76 + -68. Suppose 3*s + f = -l + 2*l, 2*l - 4*s - 14 = 0. Suppose 2903 = l*a - 2*o, 5*a - 5*o - 2163 = 737. Is a a prime number?
False
Let o = 22272 + -13103. Is o a prime number?
False
Suppose 0 = -27*s + 75*s - 121635845 + 30581813. Is s prime?
True
Suppose 497*h + 438*h - 711145105 = 0. Is h a composite number?
True
Let d(w) = 66*w + 1322. Let o be d(-20). Let z be (-1)/1 - (-2372)/1. Suppose -2*q - o*q + 487 = x, -5*x - 4*q + z = 0. Is x a composite number?
True
Let g = 55 - 47. Let j be (-1)/(-3)*48/g. Suppose j*c = -4, -2297 = -3*f - 0*f - 2*c. Is f prime?
False
Let y = -523 + 519. Is (0 + y/(-10))/((-18)/(-57465)) composite?
False
Suppose 9202*j = 9199*j + 499371. Is j a composite number?
False
Suppose 10*w - 3*n = 2442610, 0 = 4*w - 2*n + 7*n - 977044. Is w composite?
False
Let j be 84*((-3